 the tens digit of 1575?
7
What is the thousands digit of 10074?
0
What is the units digit of 8467?
7
What is the units digit of 2342?
2
What is the thousands digit of 29921?
9
What is the units digit of 55632?
2
What is the hundreds digit of 2282?
2
What is the tens digit of 16748?
4
What is the hundreds digit of 4792?
7
What is the thousands digit of 1511?
1
What is the units digit of 789?
9
What is the tens digit of 42496?
9
What is the units digit of 1653?
3
What is the hundreds digit of 43135?
1
What is the thousands digit of 8075?
8
What is the thousands digit of 12910?
2
What is the hundreds digit of 1782?
7
What is the thousands digit of 151753?
1
What is the units digit of 177?
7
What is the ten thousands digit of 72341?
7
What is the hundreds digit of 504?
5
What is the units digit of 258?
8
What is the thousands digit of 3792?
3
What is the tens digit of 23526?
2
What is the hundreds digit of 29997?
9
What is the tens digit of 22163?
6
What is the tens digit of 16403?
0
What is the tens digit of 1738?
3
What is the tens digit of 1690?
9
What is the tens digit of 9673?
7
What is the thousands digit of 3384?
3
What is the units digit of 3533?
3
What is the thousands digit of 13329?
3
What is the tens digit of 17246?
4
What is the thousands digit of 34613?
4
What is the tens digit of 7536?
3
What is the units digit of 468?
8
What is the thousands digit of 122441?
2
What is the tens digit of 1906?
0
What is the tens digit of 6146?
4
What is the ten thousands digit of 13344?
1
What is the hundreds digit of 4244?
2
What is the units digit of 46760?
0
What is the hundreds digit of 16994?
9
What is the thousands digit of 5183?
5
What is the tens digit of 4562?
6
What is the ten thousands digit of 19707?
1
What is the hundreds digit of 232?
2
What is the tens digit of 1960?
6
What is the units digit of 3473?
3
What is the hundreds digit of 9202?
2
What is the tens digit of 1893?
9
What is the thousands digit of 1275?
1
What is the tens digit of 267?
6
What is the tens digit of 746?
4
What is the hundreds digit of 873?
8
What is the ten thousands digit of 11194?
1
What is the thousands digit of 1760?
1
What is the units digit of 428?
8
What is the tens digit of 659?
5
What is the tens digit of 117561?
6
What is the hundreds digit of 21840?
8
What is the ten thousands digit of 24101?
2
What is the thousands digit of 192039?
2
What is the hundreds digit of 507?
5
What is the tens digit of 685?
8
What is the thousands digit of 2746?
2
What is the units digit of 833?
3
What is the tens digit of 573?
7
What is the units digit of 35125?
5
What is the thousands digit of 54821?
4
What is the tens digit of 467?
6
What is the hundreds digit of 1538?
5
What is the units digit of 861?
1
What is the hundreds digit of 277?
2
What is the units digit of 809?
9
What is the units digit of 2265?
5
What is the hundreds digit of 44139?
1
What is the units digit of 3030?
0
What is the tens digit of 15586?
8
What is the tens digit of 1254?
5
What is the tens digit of 17936?
3
What is the hundreds digit of 1455?
4
What is the units digit of 1442?
2
What is the hundreds digit of 21207?
2
What is the thousands digit of 24401?
4
What is the tens digit of 696?
9
What is the thousands digit of 9358?
9
What is the hundreds digit of 9558?
5
What is the thousands digit of 1333?
1
What is the tens digit of 992?
9
What is the thousands digit of 99969?
9
What is the tens digit of 345?
4
What is the hundreds digit of 15754?
7
What is the tens digit of 719?
1
What is the units digit of 9421?
1
What is the ten thousands digit of 12977?
1
What is the tens digit of 4481?
8
What is the hundreds digit of 289?
2
What is the hundreds digit of 324?
3
What is the thousands digit of 7276?
7
What is the units digit of 505?
5
What is the units digit of 3893?
3
What is the units digit of 24229?
9
What is the hundreds digit of 888?
8
What is the tens digit of 2255?
5
What is the units digit of 13611?
1
What is the hundreds digit of 6177?
1
What is the hundreds digit of 7928?
9
What is the hundreds digit of 24983?
9
What is the hundreds digit of 4893?
8
What is the hundreds digit of 15438?
4
What is the hundreds digit of 8900?
9
What is the tens digit of 1828?
2
What is the thousands digit of 51712?
1
What is the tens digit of 34771?
7
What is the thousands digit of 118273?
8
What is the units digit of 554?
4
What is the thousands digit of 12556?
2
What is the units digit of 20515?
5
What is the units digit of 753?
3
What is the units digit of 383?
3
What is the units digit of 10496?
6
What is the thousands digit of 1494?
1
What is the units digit of 73461?
1
What is the tens digit of 238?
3
What is the hundreds digit of 5292?
2
What is the hundreds digit of 2639?
6
What is the hundreds digit of 3104?
1
What is the hundreds digit of 871?
8
What is the tens digit of 8602?
0
What is the units digit of 73612?
2
What is the units digit of 49894?
4
What is the hundreds digit of 39527?
5
What is the tens digit of 14724?
2
What is the tens digit of 86004?
0
What is the ten thousands digit of 30105?
3
What is the tens digit of 204?
0
What is the hundreds digit of 17936?
9
What is the thousands digit of 5943?
5
What is the ten thousands digit of 13341?
1
What is the thousands digit of 2535?
2
What is the units digit of 129511?
1
What is the ten thousands digit of 37036?
3
What is the units digit of 10476?
6
What is the units digit of 155814?
4
What is the units digit of 896?
6
What is the tens digit of 291?
9
What is the tens digit of 35807?
0
What is the hundreds digit of 50737?
7
What is the thousands digit of 48219?
8
What is the units digit of 895?
5
What is the units digit of 74648?
8
What is the hundreds digit of 10702?
7
What is the tens digit of 2617?
1
What is the units digit of 582?
2
What is the ten thousands digit of 34130?
3
What is the hundreds digit of 4497?
4
What is the units digit of 2182?
2
What is the hundreds digit of 778?
7
What is the units digit of 127148?
8
What is the tens digit of 2519?
1
What is the thousands digit of 38982?
8
What is the units digit of 821?
1
What is the units digit of 10644?
4
What is the tens digit of 73681?
8
What is the ten thousands digit of 76378?
7
What is the units digit of 6491?
1
What is the hundreds digit of 1439?
4
What is the thousands digit of 9837?
9
What is the hundreds digit of 73012?
0
What is the hundreds digit of 836?
8
What is the units digit of 957?
7
What is the units digit of 53?
3
What is the thousands digit of 3764?
3
What is the thousands digit of 9560?
9
What is the units digit of 13719?
9
What is the thousands digit of 3186?
3
What is the units digit of 28299?
9
What is the units digit of 28378?
8
What is the hundreds digit of 7563?
5
What is the units digit of 2750?
0
What is the tens digit of 1932?
3
What is the units digit of 1887?
7
What is the ten thousands digit of 110733?
1
What is the tens digit of 56927?
2
What is the units digit of 5579?
9
What is the thousands digit of 1654?
1
What is the units digit of 825?
5
What is the units digit of 94272?
2
What is the units digit of 10508?
8
What is the units digit of 20179?
9
What is the hundred thousands digit of 110421?
1
What is the units digit of 18?
8
What is the units digit of 949?
9
What is the hundreds digit of 8505?
5
What is the tens digit of 13209?
0
What is the ten thousands digit of 43905?
4
What is the hundreds digit of 81869?
8
What is the units digit of 19?
9
What is the units digit of 8548?
8
What is the units digit of 2627?
7
What is the thousands digit of 39715?
9
What is the tens digit of 268?
6
What is the units digit of 2853?
3
What is the tens digit of 37197?
9
What is the units digit of 138?
8
What is the thousands digit of 41060?
1
What is the tens digit of 6626?
2
What is the units digit of 87114?
4
What is the thousands digit of 71349?
1
What is the tens digit of 65?
6
What is the thousands digit of 97760?
7
What is the tens digit of 1653?
5
What is the hundreds digit of 95028?
0
What is the thousands digit of 3775?
3
What is the units digit of 83282?
2
What is the hundred thousands digit of 175419?
1
What is the tens digit of 8677?
7
What is the hundreds digit of 78056?
0
What is the tens digit of 1964?
6
What is the ten thousands digit of 19485